 2313422 (base 5) in base 15?
c577
What is 30513 (base 8) in base 3?
122022101
-31533e (base 16) to base 3
-20002020020222
dd1dc (base 14) to base 10
535470
Convert 3c5d9 (base 16) to base 8.
742731
What is 103232321 (base 4) in base 3?
11002212112
-158ab (base 13) to base 14
-10d55
-a64b2 (base 12) to base 14
-5986a
What is 1866a7 (base 13) in base 2?
10010101111011100010
What is -21a2423 (base 11) in base 6?
-214333242
Convert 2200202222111 (base 3) to base 2.
101011101101110010111
Convert -11110100110110110010 (base 2) to base 13.
-291666
Convert 262288 (base 9) to base 4.
212312330
Convert -39507 (base 11) to base 5.
-3302024
Convert -5224424 (base 6) to base 9.
-424257
33ab2d (base 15) to base 14
482b00
-460061 (base 10) to base 2
-1110000010100011101
-1323021130 (base 5) to base 9
-6234238
3111010130 (base 4) to base 9
1570142
What is 160402016 (base 7) in base 12?
3736b42
What is 1b1882 (base 15) in base 10?
1321547
Convert 32202312 (base 4) to base 14.
179d4
Convert -10378 (base 14) to base 6.
-501022
-2828a86 (base 11) to base 12
-176ba78
What is -1011110221 (base 3) in base 2?
-101100110100100
What is -244321223 (base 5) in base 2?
-100011100111011010111
What is -48140 (base 11) in base 9?
-115145
-783e3f (base 16) to base 2
-11110000011111000111111
Convert 82b935 (base 12) to base 3.
10212021110112
Convert 13ec2 (base 16) to base 8.
237302
What is -365d2c (base 15) in base 11?
-1517788
What is 165885 (base 9) in base 7?
605444
10110011101000100 (base 2) to base 4
112131010
663cb (base 14) to base 9
416732
26532412 (base 7) to base 10
2445109
What is -561656 (base 8) in base 4?
-232032232
What is -176b (base 14) in base 11?
-3189
What is -11204101 (base 5) in base 13?
-369aa
What is 1011001101 (base 5) in base 3?
10211222222210
What is -433ab1 (base 14) in base 9?
-4250268
Convert -670669 (base 10) to base 8.
-2435715
Convert -b2654 (base 14) to base 10.
-429314
Convert 3725226 (base 10) to base 2.
1110001101011110101010
What is -297148 (base 11) in base 5?
-104311421
-81032 (base 13) to base 16
-38546
What is 21626331 (base 7) in base 6?
104045250
-486036 (base 9) to base 4
-1013203203
-776b5 (base 13) to base 12
-a5330
Convert 3316013 (base 8) to base 2.
11011001110000001011
What is -1120200021 (base 4) in base 14?
-96173
What is -112122200 (base 4) in base 5?
-10414213
What is -100101001011000101 (base 2) in base 10?
-152261
What is -1010010110101111110 (base 2) in base 11?
-211a39
What is 1614473 (base 13) in base 4?
123003213032
What is -12163558 (base 9) in base 2?
-10110101011111000011111
What is 10671235 (base 9) in base 6?
303040305
147036 (base 9) to base 11
61a39
What is 10011100110110100110 (base 2) in base 9?
1178265
-200653 (base 9) to base 8
-347550
What is 2d8f7 (base 16) in base 15?
3a460
Convert -2b48c6 (base 13) to base 6.
-34512031
Convert -123717 (base 11) to base 6.
-4103355
Convert ac48a4 (base 13) to base 2.
1111100000101010010000
-308269 (base 10) to base 16
-4b42d
Convert -16d97 (base 16) to base 5.
-10443331
What is -1e520e (base 15) in base 12?
-5b7788
-3610311 (base 8) to base 2
-11110001000011001001
Convert -2113032203 (base 4) to base 2.
-10010111001110100011
What is -24201a (base 15) in base 4?
-12211320121
Convert 273363 (base 11) to base 6.
13110102
Convert -767a4a (base 13) to base 16.
-2a88dc
Convert 102012201000 (base 3) to base 7.
1606233
What is 612562 (base 8) in base 4?
301111302
-4447678 (base 9) to base 2
-1001001000011100001000
Convert 111101111010010000100 (base 2) to base 3.
10211001211011
Convert 11034305 (base 6) to base 14.
88b17
1346965 (base 11) to base 16
236ff8
What is 1972e7 (base 16) in base 4?
12113023213
-9a4c (base 14) to base 10
-26724
-230884 (base 9) to base 7
-1114543
Convert 5a25017 (base 11) to base 15.
dc759a
Convert 112120 (base 6) to base 16.
2550
What is 94292 (base 10) in base 14?
26512
What is -200523 (base 8) in base 5?
-4102000
62654413 (base 7) to base 16
50bbe5
What is 378757 (base 9) in base 2?
111000000010010101
What is 432143 (base 7) in base 11?
51551
9de222 (base 15) to base 3
112012002020212
1325351 (base 6) to base 9
122204
111001101000101 (base 2) to base 6
344341
-172707 (base 10) to base 15
-3628c
Convert -1ace2 (base 16) to base 6.
-2204150
Convert 2102200101 (base 3) to base 15.
e2c1
What is -4503324 (base 10) in base 8?
-21133434
Convert -9174326 (base 10) to base 8.
-42776466
301031232 (base 4) to base 8
611556
Convert 300414304 (base 5) to base 15.
186439
23829 (base 11) to base 2
1000010111100010
-526677 (base 8) to base 4
-222312333
675021 (base 9) to base 6
12353501
-200012222222 (base 3) to base 11
-225521
Convert 114520354 (base 6) to base 9.
4104067
What is 834204 (base 11) in base 15?
1b6636
Convert 219102a (base 11) to base 3.
21012221210102
What is -10554030 (base 6) in base 15?
-669a3
What is 707205 (base 12) in base 2?
110101100010001100101
1667da6 (base 15) to base 16
f85f53
101121002122 (base 3) to base 2
110010111010110101
Convert -22000200122 (base 3) to base 9.
-260618
What is 10000231 (base 10) in base 8?
46113547
What is 143763 (base 8) in base 15?
10277
What is 4044530 (base 6) in base 9?
323510
Convert 2143355 (base 6) to base 9.
172768
What is -10110001101010110011101 (base 2) in base 7?
-100325222
What is 22001210102002 (base 3) in base 15?
59a27e
Convert -13040223 (base 5) to base 13.
-460a7
Convert 173828 (base 11) to base 14.
6dc09
What is -82d5 (base 15) in base 16?
-6c02
What is 63c6d (base 15) in base 4?
1031110012
What is -108b252 (base 14) in base 13?
-1826043
Convert -102121314 (base 5) to base 4.
-1220013123
Convert 4813280 (base 9) to base 8.
11744042
Convert -1433345 (base 6) to base 14.
-22081
Convert 460a6 (base 12) to base 4.
112303332
Convert -30283 (base 12) to base 3.
-10011212100
Convert 20040124 (base 6) to base 3.
1001201011221
What is -110101011011101110001 (base 2) in base 13?
-493c45
-1e74b1 (base 15) to base 2
-101101100011101010000
What is 5243 (base 13) in base 14?
420a
What is 118c21 (base 14) in base 15?
bce33
-1021313121 (base 4) to base 2
-1001001110111011001
-2101330103 (base 4) to base 6
-20451255
Convert 10111110100100000 (base 2) to base 10.
97568
1c7665 (base 13) to base 2
10110010010110000101
What is -781a4 (base 11) in base 3?
-12202111220
What is 10001110110010011101 (base 2) in base 14?
1131db
-314042044 (base 5) to base 13
-37088c
Convert 440221 (base 6) to base 8.
107025
Convert -165804 (base 10) to base 14.
-445d2
What is cfc9d (base 16) in base 13?
23a514
What is 211312123320 (base 4) in base 13?
20953a7
Convert -39137 (base 13) to base 5.
-11340141
5f0315 (base 16) to base 4
113300030111
-169a49 (base 12) to base 15
-7a99c
Convert 2201033434 (base 5) to base 4.
101330303112
1000000001110000101101 (base 2) to base 12
855979
Convert 88127 (base 9) to base 13.
20794
Convert -34727 (base 16) to base 15.
-439b8
414069 (base 10) to base 15
82a49
What is -634067 (base 9) in base 16?
-5c07a
Convert 25677635 (base 9) to base 7.
212226125
What is -35c98 (base 16) in base 14?
-5a408
-480393 (base 15) to base 16
-348a71
Convert 3c71c (base 13) to base 11.
780aa
-4332303422 (base 5) to base 3
-122102110010212
Convert bd262 (base 14) to base 4.
1233333212
-1100000011111101001 (base 2) to base 4
-1200133221
-99aaa (base 15) to base 13
-141400
What is 1111101111101101101 (base 2) in base 13?
150ac5
What is 201022303 (base 5) in base 13?
21c576
What is 28969 (base 14) in base 9?
163043
Convert -1aa712 (base 14) to base 13.
-273a15
-30c2c9 (base 14) to base 15
-227ece
2102112011001 (base 3) to base 8
4726756
What is -81862 (base 9) in base 16?
-d2a1
5206665 (base 8) to base 9
2532612
Convert -10221122 (base 4) to base 5.
-1102114
4caa7 (base 13) to base 10
142435
847a10 (base 16) to base 10
8682000
Convert -92fcc (base 16) to base 4.
-2102333030
Convert -22419 (base 13) to base 5.
-3442324
What is 2985ad (base 15) in base 2?
111101000111011100111
What is -6265a (base 11) in base 2?
-10110010010100011
What is -4042514 (base 6) in base 10?
-192430
-15855 (base 15) to base 7
-406163
Convert a33063 (base 15) to base 8.
35454103
What is 415246 (base 10) in base 16?
6560e
Convert -2568a (base 14) to base 4.
-112123022
Convert -13101244 (base 5) to base 11.
-88459
6002018 (base 9) to base 2
110000101